{"id":4980,"date":"2025-05-13T12:47:54","date_gmt":"2025-05-13T12:47:54","guid":{"rendered":"https:\/\/congresos-secca.com\/?page_id=4980"},"modified":"2025-05-13T13:09:10","modified_gmt":"2025-05-13T13:09:10","slug":"bienvenida-2","status":"publish","type":"page","link":"http:\/\/congresos-secca.com\/?page_id=4980","title":{"rendered":"Bienvenida"},"content":{"rendered":"\n<p><strong>Estimados Socios de la Sociedad Espa\u00f1ola de Cirug\u00eda de Cadera y compa\u00f1eros<\/strong> <strong>que os dedic\u00e1is al \u201cmundo\u201c de la Cadera:<\/strong><\/p>\n\n\n\n<p><\/p>\n\n\n\n<p>Os dedico estas palabras como agradecimiento por vuestra presencia en el 26 Congreso de nuestra Sociedad que se celebrar\u00e1 en Sevilla los d\u00edas 5 y 6 de Junio de 2025.<\/p>\n\n\n\n<p>El Congreso es el evento m\u00e1s importante del a\u00f1o para la SECCA y hemos puesto todo nuestro empe\u00f1o en conseguir una reuni\u00f3n que sea de vuestro inter\u00e9s, que sirva realmente para resolver vuestras dudas y\/o aumentar vuestro nivel de conocimiento para afrontar los retos que supone tratar las diferentes patolog\u00edas que afectan a la Cadera.<\/p>\n\n\n\n<p>Hemos trabajado tanto la Junta Directiva como muchos de los Socios por conseguir unas Mesas y Temas atractivos, que representen los problemas a los que nos enfrentamos en nuestro d\u00eda a d\u00eda y que sirvan tanto para el Cirujano de cadera novel como para el experto y que tengan inter\u00e9s para aquellos que trabaj\u00e1is desde centros comarcales hasta los hospitales de mayor poder de resoluci\u00f3n.<\/p>\n\n\n\n<p>Como complemento, podr\u00e9is disfrutar de una de las ciudades m\u00e1s bonitas de nuestro Pa\u00eds, que en esta \u00e9poca estar\u00e1 en su pleno esplendor y en la que os sentir\u00e9is integrados y disfrutar\u00e9is de sus monumentos, paisajes y gastronom\u00eda.<\/p>\n\n\n\n<p>En definitiva, desde la SECCA queremos ofrecerte, de forma personalizada, un Congreso que te permita ver que el lugar de nuestro Pa\u00eds para hablar, discutir, plantear y tratar de resolver los problemas de la articulaci\u00f3n a la que dedicamos una parte fundamental de nuestras vidas, es \u00e9ste.<\/p>\n\n\n\n<p>Esperando verte, te saluda afectuosamente<\/p>\n\n\n\n<p><\/p>\n\n\n\n<figure class=\"wp-block-image size-full is-resized\"><img loading=\"lazy\" decoding=\"async\" width=\"1564\" height=\"642\" src=\"https:\/\/congresos-secca.com\/wp-content\/uploads\/2025\/05\/Captura-de-pantalla-2025-05-13-a-les-14.47.20.png\" alt=\"\" class=\"wp-image-4981\" style=\"width:618px;height:auto\" srcset=\"http:\/\/congresos-secca.com\/wp-content\/uploads\/2025\/05\/Captura-de-pantalla-2025-05-13-a-les-14.47.20.png 1564w, http:\/\/congresos-secca.com\/wp-content\/uploads\/2025\/05\/Captura-de-pantalla-2025-05-13-a-les-14.47.20-300x123.png 300w, http:\/\/congresos-secca.com\/wp-content\/uploads\/2025\/05\/Captura-de-pantalla-2025-05-13-a-les-14.47.20-1024x420.png 1024w, http:\/\/congresos-secca.com\/wp-content\/uploads\/2025\/05\/Captura-de-pantalla-2025-05-13-a-les-14.47.20-768x315.png 768w, http:\/\/congresos-secca.com\/wp-content\/uploads\/2025\/05\/Captura-de-pantalla-2025-05-13-a-les-14.47.20-1536x631.png 1536w\" sizes=\"auto, (max-width: 1564px) 100vw, 1564px\" \/><\/figure>\n","protected":false},"excerpt":{"rendered":"<p>Estimados Socios de la Sociedad Espa\u00f1ola de Cirug\u00eda de Cadera y compa\u00f1eros que os dedic\u00e1is al \u201cmundo\u201c de la Cadera: Os dedico estas palabras como agradecimiento por vuestra presencia en el 26 Congreso de nuestra Sociedad que se celebrar\u00e1 en Sevilla los d\u00edas 5 y 6 de Junio de 2025. El Congreso es el evento [&hellip;]<\/p>\n","protected":false},"author":1,"featured_media":0,"parent":0,"menu_order":0,"comment_status":"closed","ping_status":"closed","template":"","meta":{"footnotes":""},"class_list":["post-4980","page","type-page","status-publish","hentry"],"_links":{"self":[{"href":"http:\/\/congresos-secca.com\/index.php?rest_route=\/wp\/v2\/pages\/4980","targetHints":{"allow":["GET"]}}],"collection":[{"href":"http:\/\/congresos-secca.com\/index.php?rest_route=\/wp\/v2\/pages"}],"about":[{"href":"http:\/\/congresos-secca.com\/index.php?rest_route=\/wp\/v2\/types\/page"}],"author":[{"embeddable":true,"href":"http:\/\/congresos-secca.com\/index.php?rest_route=\/wp\/v2\/users\/1"}],"replies":[{"embeddable":true,"href":"http:\/\/congresos-secca.com\/index.php?rest_route=%2Fwp%2Fv2%2Fcomments&post=4980"}],"version-history":[{"count":3,"href":"http:\/\/congresos-secca.com\/index.php?rest_route=\/wp\/v2\/pages\/4980\/revisions"}],"predecessor-version":[{"id":4987,"href":"http:\/\/congresos-secca.com\/index.php?rest_route=\/wp\/v2\/pages\/4980\/revisions\/4987"}],"wp:attachment":[{"href":"http:\/\/congresos-secca.com\/index.php?rest_route=%2Fwp%2Fv2%2Fmedia&parent=4980"}],"curies":[{"name":"wp","href":"https:\/\/api.w.org\/{rel}","templated":true}]}}

<p><strong>Estimados Socios de la Sociedad Española de Cirugía de Cadera y compañeros</strong> <strong>que os dedicáis al “mundo“ de la Cadera:</strong></p>



<p></p>



<p>Os dedico estas palabras como agradecimiento por vuestra presencia en el 26 Congreso de nuestra Sociedad que se celebrará en Sevilla los días 5 y 6 de Junio de 2025.</p>



<p>El Congreso es el evento más importante del año para la SECCA y hemos puesto todo nuestro empeño en conseguir una reunión que sea de vuestro interés, que sirva realmente para resolver vuestras dudas y/o aumentar vuestro nivel de conocimiento para afrontar los retos que supone tratar las diferentes patologías que afectan a la Cadera.</p>



<p>Hemos trabajado tanto la Junta Directiva como muchos de los Socios por conseguir unas Mesas y Temas atractivos, que representen los problemas a los que nos enfrentamos en nuestro día a día y que sirvan tanto para el Cirujano de cadera novel como para el experto y que tengan interés para aquellos que trabajáis desde centros comarcales hasta los hospitales de mayor poder de resolución.</p>



<p>Como complemento, podréis disfrutar de una de las ciudades más bonitas de nuestro País, que en esta época estará en su pleno esplendor y en la que os sentiréis integrados y disfrutaréis de sus monumentos, paisajes y gastronomía.</p>



<p>En definitiva, desde la SECCA queremos ofrecerte, de forma personalizada, un Congreso que te permita ver que el lugar de nuestro País para hablar, discutir, plantear y tratar de resolver los problemas de la articulación a la que dedicamos una parte fundamental de nuestras vidas, es éste.</p>



<p>Esperando verte, te saluda afectuosamente</p>



<p></p>



<figure class="wp-block-image size-full is-resized"><img loading="lazy" decoding="async" width="1564" height="642" src="https://congresos-secca.com/wp-content/uploads/2025/05/Captura-de-pantalla-2025-05-13-a-les-14.47.20.png" alt="" class="wp-image-4981" style="width:618px;height:auto" srcset="http://congresos-secca.com/wp-content/uploads/2025/05/Captura-de-pantalla-2025-05-13-a-les-14.47.20.png 1564w, http://congresos-secca.com/wp-content/uploads/2025/05/Captura-de-pantalla-2025-05-13-a-les-14.47.20-300x123.png 300w, http://congresos-secca.com/wp-content/uploads/2025/05/Captura-de-pantalla-2025-05-13-a-les-14.47.20-1024x420.png 1024w, http://congresos-secca.com/wp-content/uploads/2025/05/Captura-de-pantalla-2025-05-13-a-les-14.47.20-768x315.png 768w, http://congresos-secca.com/wp-content/uploads/2025/05/Captura-de-pantalla-2025-05-13-a-les-14.47.20-1536x631.png 1536w" sizes="auto, (max-width: 1564px) 100vw, 1564px" /></figure>

<p>Estimados Socios de la Sociedad Española de Cirugía de Cadera y compañeros que os dedicáis al “mundo“ de la Cadera: Os dedico estas palabras como agradecimiento por vuestra presencia en el 26 Congreso de nuestra Sociedad que se celebrará en Sevilla los días 5 y 6 de Junio de 2025. El Congreso es el evento [&hellip;]</p>
